at is the hundred thousands digit of 206335487?
3
What is the thousands digit of 1411660290?
0
What is the millions digit of 101170124?
1
What is the hundred thousands digit of 226656617?
6
What is the tens digit of 5699159?
5
What is the hundreds digit of 157990801?
8
What is the ten thousands digit of 7084101?
8
What is the hundreds digit of 34538823?
8
What is the millions digit of 3504376364?
4
What is the hundred thousands digit of 13503598?
5
What is the hundred thousands digit of 49292112?
2
What is the hundred millions digit of 227847969?
2
What is the millions digit of 200133371?
0
What is the hundreds digit of 7849120943?
9
What is the ten thousands digit of 106093728?
9
What is the hundreds digit of 359867618?
6
What is the ten thousands digit of 109928551?
2
What is the hundred thousands digit of 322205214?
2
What is the units digit of 38379332?
2
What is the units digit of 8386257?
7
What is the billions digit of 1006380927?
1
What is the ten thousands digit of 269721328?
2
What is the thousands digit of 74665036?
5
What is the millions digit of 453938998?
3
What is the hundreds digit of 892783450?
4
What is the hundreds digit of 193281511?
5
What is the ten millions digit of 141793065?
4
What is the ten millions digit of 222705035?
2
What is the hundreds digit of 719597617?
6
What is the thousands digit of 42469263?
9
What is the ten millions digit of 2477710301?
7
What is the ten thousands digit of 52562889?
6
What is the tens digit of 112981304?
0
What is the ten thousands digit of 644085497?
8
What is the hundreds digit of 81098254?
2
What is the tens digit of 41493922?
2
What is the hundred millions digit of 2727252951?
7
What is the tens digit of 502214085?
8
What is the units digit of 37384958?
8
What is the hundreds digit of 1509578444?
4
What is the tens digit of 796304213?
1
What is the hundreds digit of 943162909?
9
What is the ten thousands digit of 62117084?
1
What is the millions digit of 48283067?
8
What is the hundreds digit of 2074164630?
6
What is the hundred thousands digit of 117485115?
4
What is the thousands digit of 3955904539?
4
What is the ten millions digit of 226557942?
2
What is the millions digit of 249676794?
9
What is the ten millions digit of 58186901?
5
What is the ten millions digit of 905818933?
0
What is the hundred thousands digit of 5731870314?
8
What is the hundreds digit of 40382500?
5
What is the hundreds digit of 2812563578?
5
What is the ten thousands digit of 59584818?
8
What is the units digit of 46888162?
2
What is the hundred millions digit of 2133223062?
1
What is the thousands digit of 3593705945?
5
What is the tens digit of 36531009?
0
What is the tens digit of 4108285859?
5
What is the hundred thousands digit of 1090841246?
8
What is the hundred millions digit of 174746845?
1
What is the tens digit of 90036287?
8
What is the ten millions digit of 641342274?
4
What is the ten millions digit of 391567491?
9
What is the hundred millions digit of 784863022?
7
What is the ten thousands digit of 2649811709?
1
What is the hundred millions digit of 177439962?
1
What is the hundred thousands digit of 25600297?
6
What is the units digit of 42545042?
2
What is the millions digit of 1134672745?
4
What is the units digit of 738567735?
5
What is the units digit of 211811842?
2
What is the hundred thousands digit of 30669787?
6
What is the ten millions digit of 123892021?
2
What is the billions digit of 2522837952?
2
What is the hundreds digit of 119403111?
1
What is the ten millions digit of 1539477454?
3
What is the hundred thousands digit of 227151269?
1
What is the ten millions digit of 37250883?
3
What is the thousands digit of 15177571?
7
What is the ten millions digit of 4339788019?
3
What is the tens digit of 3127993037?
3
What is the ten millions digit of 2275230628?
7
What is the ten thousands digit of 157592161?
9
What is the ten millions digit of 386968421?
8
What is the thousands digit of 58069711?
9
What is the tens digit of 3049345908?
0
What is the hundred millions digit of 242270870?
2
What is the ten millions digit of 152235686?
5
What is the millions digit of 1717042107?
7
What is the units digit of 192495916?
6
What is the hundred millions digit of 431015228?
4
What is the ten millions digit of 447356025?
4
What is the units digit of 31848341?
1
What is the thousands digit of 1048558011?
8
What is the hundreds digit of 6918045451?
4
What is the hundred thousands digit of 152560713?
5
What is the thousands digit of 53097906?
7
What is the ten thousands digit of 854123?
5
What is the ten millions digit of 508522623?
0
What is the millions digit of 447479161?
7
What is the thousands digit of 58029529?
9
What is the thousands digit of 249364463?
4
What is the units digit of 20503705?
5
What is the millions digit of 21874085?
1
What is the ten millions digit of 113111425?
1
What is the hundreds digit of 493778986?
9
What is the millions digit of 33828609?
3
What is the hundred thousands digit of 589582949?
5
What is the units digit of 21645231?
1
What is the ten millions digit of 83238647?
8
What is the ten thousands digit of 867795195?
9
What is the tens digit of 2700852710?
1
What is the hundred millions digit of 172084269?
1
What is the thousands digit of 65019738?
9
What is the ten thousands digit of 500383581?
8
What is the thousands digit of 347845320?
5
What is the hundreds digit of 3092912584?
5
What is the tens digit of 27348637?
3
What is the ten millions digit of 1406703516?
0
What is the ten thousands digit of 1164367476?
6
What is the tens digit of 198602601?
0
What is the hundred thousands digit of 210255317?
2
What is the millions digit of 1370198841?
0
What is the ten thousands digit of 37147174?
4
What is the tens digit of 1717564642?
4
What is the hundred thousands digit of 100644442?
6
What is the ten thousands digit of 768481517?
8
What is the units digit of 1577576355?
5
What is the hundreds digit of 72074529?
5
What is the thousands digit of 280577600?
7
What is the hundred millions digit of 756831524?
7
What is the hundreds digit of 461083374?
3
What is the ten thousands digit of 35660057?
6
What is the ten thousands digit of 34892202?
9
What is the hundreds digit of 68597200?
2
What is the millions digit of 714147818?
4
What is the ten thousands digit of 73854466?
5
What is the hundreds digit of 152737125?
1
What is the tens digit of 327772627?
2
What is the hundred thousands digit of 922862618?
8
What is the hundred millions digit of 905565612?
9
What is the ten thousands digit of 8450477?
5
What is the hundreds digit of 81340452?
4
What is the tens digit of 94824246?
4
What is the hundreds digit of 238816051?
0
What is the thousands digit of 3924393564?
3
What is the thousands digit of 235066336?
6
What is the hundreds digit of 242031786?
7
What is the ten thousands digit of 581884399?
8
What is the ten thousands digit of 15345184?
4
What is the hundreds digit of 1824133762?
7
What is the hundred thousands digit of 6800684?
8
What is the thousands digit of 3445955157?
5
What is the hundreds digit of 24966875?
8
What is the hundreds digit of 36241402?
4
What is the ten millions digit of 1002651085?
0
What is the tens digit of 15407420?
2
What is the units digit of 234160286?
6
What is the millions digit of 79388254?
9
What is the tens digit of 223404971?
7
What is the units digit of 95337760?
0
What is the hundred thousands digit of 44784560?
7
What is the units digit of 1464366668?
8
What is the ten millions digit of 3625048984?
2
What is the tens digit of 953525787?
8
What is the hundreds digit of 829764790?
7
What is the hundred thousands digit of 5838995354?
9
What is the hundreds digit of 235234805?
8
What is the units digit of 3788116703?
3
What is the tens digit of 1555489086?
8
What is the ten millions digit of 26693316?
2
What is the units digit of 334250395?
5
What is the hundred millions digit of 150031279?
1
What is the hundreds digit of 1273841420?
4
What is the units digit of 321292908?
8
What is the thousands digit of 287752294?
2
What is the tens digit of 57254757?
5
What is the units digit of 849360944?
4
What is the thousands digit of 82040635?
0
What is the units digit of 60060179?
9
What is the millions digit of 1608597595?
8
What 